st common factor of c and 32.
32
Let l be 20*1/6*4032/60. Calculate the greatest common divisor of l and 36960.
224
Let l(g) = -g**3 - 123*g**2 + 651*g - 27. Let a be l(5). Suppose 8*q = 3*q + 135. Let i be q/4 + (-1)/(-4). Calculate the greatest common factor of i and a.
7
Let t be 27/3 - (12 - 6). Suppose t*l = -2*p + 190, 65 = l - 4*p - 3. What is the highest common divisor of l and 544?
32
Let q(x) = 18*x + 57. Let t(a) = -a + 3. Let c(v) = -4*q(v) - 36*t(v). Let w be c(-10). Calculate the greatest common divisor of w and 168.
24
Let s be ((-429)/55)/13 + 4813/5. What is the greatest common factor of s and 936?
26
Suppose 0 = 5*c + 19*w - 136 - 194, -3*c + w = -198. Let h = 251 + -163. What is the highest common factor of c and h?
22
Let k(z) = 3*z**2 + 11*z - 22. Let s be k(6). Suppose s*f + 1860 = 157*f. Calculate the greatest common divisor of f and 12.
12
Suppose 8*b = -3*z + 77, -z + 63 - 34 = 2*b. What is the greatest common divisor of z and 9984?
39
Let d be ((-2)/4*1)/((-22)/7524). What is the greatest common factor of d and 19?
19
Suppose 45 = -5*s - 45. Let l(y) = 4*y - 2. Let n be l(10). Let k = n - s. What is the highest common factor of k and 8?
8
Let f be ((-15)/(-9))/(5/618). Let r = 388 - 187. Suppose x - r = -3*q, -q = -5*x + f + 783. Calculate the greatest common factor of x and 22.
22
Suppose -200 = 5*j - 10*j. Suppose h = 5*h - j. Let m be (2/(-2))/(10/20)*-25. What is the highest common divisor of h and m?
10
Suppose 475*d = 479*d - 284. Let u be 0 + 3126/4 - 8/16. Calculate the highest common factor of u and d.
71
Suppose 0 = 4*s - 28, -3*s - 5927 = -5*d - 4*s. What is the greatest common factor of 416 and d?
32
Suppose 345*u - 2109188 = 1207029 + 429793. Calculate the greatest common factor of u and 356.
178
Let x be (-32765)/(-30) - 5*4/120. Calculate the greatest common divisor of x and 126.
42
Let a = 30 - 20. Let t = 685 - 438. Suppose 0 = -254*v + t*v + 105. What is the greatest common factor of a and v?
5
Suppose 4*w + h = 26, 5*w + 2*h = -0*h + 31. Let l(t) = -3 - 13 - w*t + 3*t. Let v be l(-6). Calculate the greatest common factor of 16 and v.
8
Let v(k) = -14*k**3 - 14*k**2 + 2*k - 130. Let t be v(-7). What is the highest common divisor of t and 12?
12
Suppose 13*a - 9*a + 822 = 3*j, 2*a - 1318 = -5*j. What is the greatest common divisor of 14 and j?
14
Let h(g) = g**3 - g**2 - 8*g - 7. Let w be ((-6)/8 + 1)/(72/1440). Let r be h(w). Let x be 6*1/6*106. Calculate the greatest common divisor of x and r.
53
Suppose o = 3*o - 348. Suppose -50*u = -4*z - 51*u + 25, -5*z + 4*u + 26 = 0. What is the highest common divisor of o and z?
6
Suppose 2*d - 33849 + 2871 = -3*o, 4*o = 6*d - 93012. Calculate the highest common factor of d and 567.
189
Let h = -2555 - -2604. Calculate the greatest common divisor of 280 and h.
7
Suppose 10 = 1409*s - 1414*s, -4*h = 2*s - 14392. Calculate the highest common divisor of h and 177.
59
Let j = 1664742 + -1664588. Let a = 311 + -179. What is the highest common factor of j and a?
22
Let t = -977 - -1781. Let i = t - 482. What is the highest common divisor of 14 and i?
14
Suppose -1907 - 6083 = -4*g - k, -5*g = -k - 9992. Calculate the greatest common divisor of g and 54.
54
Suppose -4*h - 20 = 2*g, 2*g + 2*h + h = -15. Let c be (7 - g) + 3 + -6. What is the greatest common divisor of 27 and c?
1
Let t(f) = -1339*f - 223. Let x be t(-6). Calculate the greatest common factor of x and 321.
107
Let y(a) = -4*a**2 + 25*a + 10. Let h be y(6). Suppose -780 = -29*x + h*x. What is the greatest common factor of x and 75?
15
Suppose 13*x - 6*x = -49. Let j be 362/4 - x/(-14). Let i(n) = n**3 - 6*n**2 + 8*n - 3. Let q be i(6). Calculate the highest common factor of q and j.
45
Suppose 3*y - 53 = -5*d, 0 = 3*d - 12. Let w be (4/10)/((-18)/(-45)). What is the greatest common factor of w and y?
1
Let z be 2*-6*(-1 - 4)/10. Suppose 79 = z*b - 533. Let y = b - 84. What is the highest common divisor of 36 and y?
18
Suppose 4*u = 5*u - 22. Suppose 3*s = 97 + 17. Suppose 3*i - j - s = 0, -i - 4*j - 9 = -0*j. Calculate the highest common divisor of u and i.
11
Let b(z) = -7*z**3 - 7*z**2 - 34*z - 27. Let a be b(-10). Calculate the highest common divisor of 17 and a.
17
Let t = -201 + 208. Let s be ((-318)/4 + -1)/(8/(-16)). What is the highest common factor of s and t?
7
Let v be (5 - 86/6)/(184/(-18) - -10). Calculate the highest common factor of v and 7098.
42
Let p be (-14)/(-4)*(-10980)/(-2135). What is the greatest common factor of p and 1197?
9
Suppose 1064 - 1082 = -6*a. Suppose 0*d + 5*t + 1812 = 2*d, -a*d = -5*t - 2708. What is the greatest common divisor of 28 and d?
28
Let f be (10/(-4))/(2/(-746))*216/180. Calculate the highest common factor of 3 and f.
3
Let i = 674 + -250. Let v = 451 - i. Calculate the highest common factor of v and 3.
3
Suppose -15*j + 24 = -5 - 16. Let z = 12 + -9. Calculate the greatest common divisor of j and z.
3
Let c = -647 - -797. Suppose 101*r + c = 106*r. What is the highest common factor of 70 and r?
10
Suppose 0 = 5*z - 28*d + 32*d - 7278, 3*d = 3*z - 4383. Calculate the greatest common factor of 36 and z.
18
Let c be (340/204)/(0 + (-5)/18). Let j be 25/50 - 99/c. Let o = -56 + 192. What is the greatest common factor of o and j?
17
Let i be 87/(((-2)/(-10))/1). Suppose -2*w = 14*w - 1392. What is the greatest common divisor of w and i?
87
Suppose -3*u = -u. Suppose -4*z + 4 = -3*j, -4*j + 32 = -u*z + 4*z. Suppose -301*t = -334*t - 728*t + 12176. Calculate the highest common factor of z and t.
4
Let o(g) = 0*g - 6767 - 4*g + 6669. Let c be o(-25). Calculate the greatest common divisor of c and 94.
2
Let u be 10 + 581 + (-7)/7. What is the greatest common divisor of 2006 and u?
118
Let v(o) = o**2 + 40*o + 455. Let z be v(-21). Calculate the highest common divisor of 48 and z.
8
Let m(x) = 27*x - 52. Let y be m(6). Calculate the greatest common factor of y and 704.
22
Let q = -95 + 49. Let t = q - -55. Suppose -t*a - a + 80 = 0. What is the greatest common divisor of 8 and a?
8
Let j be (10080/(-735))/(3/(-14)). What is the greatest common divisor of j and 192?
64
Let c(w) = 55*w + 1464. Let x be c(-20). Calculate the greatest common factor of 78 and x.
26
Suppose -378 = -4*p - r, -22 = 4*r - 14. Suppose 80*l - p*l = -15. Calculate the highest common factor of l and 19.
1
Suppose 59*k = -3*j + 55*k + 1, k + 12 = j. Calculate the highest common divisor of 3269 and j.
7
Suppose 1374*s + 5600 = 1424*s. Suppose -2*z + z = -2*i - 20, -74 = -4*z + 5*i. Calculate the highest common divisor of z and s.
16
Let y be 16/(39/((-117)/(-6))). What is the greatest common factor of 1096 and y?
8
Suppose -4*p - 4*d = -8, -p + 5*d + 21 = -11. Suppose -3 + p = z. Calculate the highest common factor of 8 and z.
4
Let o = -197 + 202. Suppose q + 622 = 5*q + 5*f, o*f = 5*q - 755. What is the highest common divisor of q and 9?
9
Suppose 0 = -22*p + 6*p + 240. Suppose -4*o + p = 5*y - 5, 2*y = 5*o + 41. What is the greatest common factor of 152 and y?
8
Let t(s) = s**2 + 14*s + 35. Let c be t(-8). Let g(v) = v**2 + 18*v - 6. Let o be g(c). Let l = -41 - o. Calculate the highest common factor of 15 and l.
15
Let k be (1581/21 + (-4)/14)*1. Calculate the greatest common divisor of k and 1875.
75
Let z = -156 + 175. Suppose 432 + 993 = z*y. What is the greatest common factor of 3 and y?
3
Let g be (-15)/60 + 14/(-8). Let k be 1 + (-78)/g - 0. Suppose 0 = -5*m - p + 80, -87*m = -90*m - 4*p + 48. Calculate the highest common divisor of k and m.
8
Let i be (-32)/96*(-6 - 924). Calculate the greatest common divisor of 12524 and i.
62
Suppose 5253 = 808*d + 2021. Let a = 8 + -1. Let l be a/5 + (-4)/10. Calculate the highest common factor of d and l.
1
Let n = 202 - -18. Suppose -n + 55 = -5*c. Suppose 22*g - 25*g + c = 0. Calculate the greatest common divisor of g and 44.
11
Suppose -57*b + 58*b = 534. Let m = b - 528. Calculate the highest common factor of 678 and m.
6
Let o(w) be the first derivative of w**3/3 - 5*w**2 + 21*w - 2. Let i be o(13). What is the greatest common factor of i and 5?
5
Let x = -1530 + 12879. What is the highest common factor of x and 234?
117
Let c be 6/15 - (-338)/5. Suppose 2*q - 184 = c. Let w(n) = -706*n + 724. Let d be w(1). What is the greatest common di